8 = 0. What is the units digit of l(q)?
6
Suppose -x - 12 = -4*x. Suppose 3 + 13 = x*g, 43 = 3*k - 2*g. What is the tens digit of k?
1
Suppose -2*w - 25 = 3*w. Let d = w - -11. What is the units digit of (-42)/(-9) + 2/d?
5
Suppose -2*j = p + 3*p - 82, 5*j = 5*p + 235. Suppose -2*v = 5*o - j, -55 = -v - 4*v - o. What is the tens digit of v?
1
Suppose -2*j = -4*d - 31 + 3, -5*d = 10. Let h(t) = -t + 14. Let o be h(j). Suppose -o*q - 4*u + 22 = q, -3*q = 2*u - 14. What is the units digit of q?
6
Let u = -1 + 3. Suppose 0 = 5*g - 0*g - u*m - 49, 3*m + 24 = 2*g. What is the units digit of g?
9
What is the tens digit of (62/(-4))/(3/(-6))?
3
Suppose -2*i + 0*i + 14 = 0. Suppose 2*n - i*n + 55 = 0. Let w = n - 1. What is the tens digit of w?
1
Let g(j) be the first derivative of j**4/12 - j**3/6 + j**2 - j - 1. Let p(d) be the first derivative of g(d). What is the units digit of p(2)?
4
Let l(h) = h**3 + 3*h**2 - h + 2. Let s be l(-4). Let w = -9 - s. What is the units digit of w?
1
Let f be (-50)/(-20)*8/10. Suppose f*z = 5 + 3. Let v(d) = d**2 - d - 5. What is the units digit of v(z)?
7
Let l(n) = -n - 2. Let r be l(-3). Let g(b) = -b**2 + b - 1. Let t be g(0). What is the units digit of r*14*(2 + t)?
4
Let k be (-15)/(-6)*1*-2. Let h be 1/k - 12/(-10). What is the units digit of h*10 + 1 + 1?
2
Let t = -1 - -5. Suppose -5*l + 20 = -5*n, -5*l + 2*n + 12 = -l. Suppose m = -2*z - l*z + 22, -t*m = -z - 3. What is the units digit of m?
2
Let u be 176/32 + 6/(-4). What is the tens digit of (u - 3 - 3) + 37?
3
Let m = 5 + 0. Let z(n) = n**2 - 6*n + 7. Let t be z(m). Suppose -6*s + t*s - 2*k + 2 = 0, k + 13 = 5*s. What is the units digit of s?
2
Let a(z) = z. Let k be a(5). Suppose s + 36 = k*s. What is the units digit of s?
9
Let d = -81 - -172. What is the units digit of d?
1
Let p(d) = -12*d + 25. What is the tens digit of p(-11)?
5
Suppose -4*z + 13 = -2*c - 3, 0 = -3*c. Suppose g + 3*g - 2*o - 56 = 0, 0 = z*o - 16. What is the tens digit of g?
1
Let w(h) = 2 - 4 - 7 - 3*h + 5. What is the tens digit of w(-6)?
1
Suppose 2 = 4*l - 3*l. Suppose 3*o + l*o = 0. Suppose 3*u - 42 = 3*a, 3*u + a - 38 = -o*a. What is the tens digit of u?
1
Let d(r) = r**3 - 4*r**2 + 5*r - 1. Suppose 0 = -5*y + 2*g + 10, -17 = -4*y - g + 4. What is the tens digit of d(y)?
1
Suppose 240 = 6*c - c. Let z = 8 + -2. Suppose 0 = -2*g + z*g - c. What is the units digit of g?
2
Let w be -3 - -1 - 0/2. Let t = 13 + w. Let j = -6 + t. What is the units digit of j?
5
Let j = -4 + -3. Let t(m) = -m + 5. Let f be t(j). Suppose 4*z - f = -0*z. What is the units digit of z?
3
Suppose 0 = 5*b - b + 2*p - 1482, 3*b + p - 1110 = 0. What is the hundreds digit of b?
3
Suppose -55 = -3*b + 11. What is the units digit of b?
2
What is the tens digit of 2/6 - 655/(-15)?
4
Let q = 53 - 37. What is the tens digit of q/(-20)*-2*10?
1
Suppose 2*g + 4*r = 2, -6*g - 60 = -g - 3*r. What is the units digit of 5 + 3/(g/(-6))?
7
Let c(n) = -2*n**2 + 1. Let l be c(-2). Let d(h) = h**2 + 8*h + 10. Let r be d(l). What is the units digit of (-46)/(-6) + (-2)/r?
7
What is the units digit of 1/22*4 - 788/(-22)?
6
Suppose -6*i + 45 = -651. What is the tens digit of i?
1
Suppose -4*x = -5*q - 26, -3*q - 22 = -4*x - 0*q. Suppose x*b + b - 80 = 0. What is the units digit of b?
6
Suppose 395 = 2*y + 211. What is the units digit of y?
2
Let f be 282/(-8) + 2/8. Let g = 50 + f. What is the units digit of g?
5
Let h = 19 - 8. Suppose 4 = -3*a + 2*a. Let l = a + h. What is the units digit of l?
7
Suppose 170 + 220 = 3*q + 5*z, -5*q + 622 = -z. What is the units digit of q?
5
Suppose 0 = 2*m + 6 - 2. Let r be 2/m*1*-5. Suppose -2 = 2*w - 5*i, -r*w - i + 18 = -2*i. What is the units digit of w?
4
Suppose 2*f - 6 = -f. Suppose -5*v = b - 6, -3 = f*v + 1. What is the units digit of b?
6
Let v(a) = a - 12. Let m be v(12). Suppose -3*l - 11 - 4 = m. What is the units digit of l/(-20) - 7/(-4)?
2
Let a = -8 + 15. Let z = 9 - a. Suppose r - z*r = -1. What is the units digit of r?
1
What is the tens digit of (-1 - -3)/(-2)*-11?
1
Let i(v) = 7 + v + 2*v - 2*v. Let r be i(-8). What is the units digit of r*(-2)/1 + 8?
0
Suppose -6 = 2*m - 32. Let o be m - 1/1*-2. Suppose -2*y + 6 = 4*l - 0, -o = 3*y. What is the units digit of l?
4
Let z(i) = -i - 6. Let j be z(-6). Suppose -3*f + 4*f - 2 = j. What is the units digit of f/4 - 14/(-4)?
4
What is the tens digit of 8/1*(-328)/(-16)?
6
Let w = 8 + 39. Suppose 5*d - w = 2*j, -3*d - 4*j + 3 + 20 = 0. What is the units digit of d?
9
What is the tens digit of 21/(3 - (-12)/(-8))?
1
Let z be (-12)/18*69/2. Let q = z - -43. What is the units digit of q?
0
Let n be ((-8)/3)/2*-3. Suppose -60 = 5*f + 5*u, 5*f - 3*u + 8 = n*f. Let m = f + 17. What is the units digit of m?
6
Let v = 34 + -4. Suppose 2*q = 3*q - v. What is the units digit of q?
0
Let q(m) = m**3 - 5*m**2 + 4*m + 5. What is the units digit of q(6)?
5
Suppose -88 = -c + 3*f, -4*c + 3*f + 379 = -0*f. What is the tens digit of c?
9
Let r = -114 + 155. What is the units digit of r?
1
Suppose 4 = -4*w, 3*w + 785 = 4*z + 162. What is the hundreds digit of z?
1
Suppose -3*r + 47 = -28. What is the units digit of r?
5
Let a(w) = -5*w**2 + w - 3. Let b be a(-2). Let n = 47 + b. What is the tens digit of n?
2
What is the tens digit of (-820)/(-5) + (-20)/(-5)?
6
Suppose 0 = 10*g + 153 - 453. Let k be 2*(30/4)/(-1). Let z = g + k. What is the tens digit of z?
1
What is the units digit of (-2)/(-2*2/22)?
1
Let j(g) = g**3 - 9*g**2 + 3*g - 13. Let u be j(9). What is the units digit of (-12)/u*(-18 + 4)?
2
Let t = 34 - 5. What is the units digit of t?
9
Suppose 6*c - 8 = 2*c. Let t = -1 + c. Suppose o + t - 5 = 0. What is the units digit of o?
4
Let s be -1 - (-4)/2 - 7. Let i(q) be the second derivative of -q**3/3 - q**2/2 - 6*q. What is the units digit of i(s)?
1
Let x be (7/7)/((-3)/(-15)). Suppose 0 = -2*i - 2*i + 3*b + 33, x*b + 3 = -2*i. What is the units digit of i?
6
Suppose -2*s - 2*v = -5*s - 57, 0 = 2*s - 5*v + 27. What is the units digit of 6/s - (-634)/14?
5
What is the tens digit of (128 + 1)*2/3?
8
Suppose 3*m - 6*f - 158 = -f, -f = -4*m + 239. What is the tens digit of m?
6
Suppose 41 = 4*r + 13. What is the units digit of r?
7
Let a = 408 + -132. What is the hundreds digit of a?
2
Let c(m) = m**2 - m - 7. What is the units digit of c(7)?
5
Let w(i) = i + 11. Let h be w(-9). Suppose 3*y - 2 = h*y. Suppose -y*m + 0*m + 18 = 0. What is the units digit of m?
9
Suppose -2*q = -150 - 6. Let v = q + -56. Suppose 3*j - 11 = v. What is the tens digit of j?
1
Let w be ((-2)/(-4))/(2/68). Let i = 19 + -9. Let a = w - i. What is the units digit of a?
7
Suppose -32 = -y + 11. What is the units digit of y?
3
Let x(a) = 6*a**3 - 2*a**2 + a. Let i = -2 + 3. What is the units digit of x(i)?
5
Let s be (-1)/4 - (-327)/12. Let f = s + -19. Suppose -q = -2*q + f. What is the units digit of q?
8
Suppose 18 + 98 = 2*t. Suppose t = 3*m - 65. What is the tens digit of m?
4
Let d(c) = -c**3 + 8*c**2 + 9*c + 5. Let z be d(9). What is the units digit of (-20)/(-8)*18/z?
9
Let r = -78 + 118. What is the tens digit of r?
4
Let o = 3 + -1. Suppose o = 3*x - 4, 0 = 2*u + 2*x - 50. What is the units digit of u?
3
Suppose 0 = -4*k - 5*j - 41 - 8, 4*j + 4 = 0. What is the tens digit of k/4*(-24)/3?
2
Let c(i) = -5*i**3. Let o be c(-1). Suppose -o*z + 10 = 5*k, 12 = -3*z + 3*k - 0. Let n = 4 - z. What is the units digit of n?
5
Suppose -5*c + 30 - 6 = 2*a, 2*a - 3*c = -8. Suppose -m = -4*w + 47 - a, 0 = w - 3*m - 25. What is the tens digit of w?
1
Let l = 4 + 0. Suppose -a + 2*x + 37 = l*x, -100 = -3*a + 5*x. Suppose h - 5*c = -11 + a, -3*c - 16 = -h. What is the units digit of h?
4
Let v(y) = y - 1. Let p be v(5). Suppose p*b - 3 = 5. What is the units digit of b?
2
Let c(p) = p**3 + 6*p**2 + 4*p - 2. Let m be c(-5). Let i be 33/27 + (-2)/9. Suppose i = -m*w + 7. What is the units digit of w?
2
Let q(g) = g**2 + 2*g + 2. Let b be q(0). Suppose 55 = 3*i + a, -21 - 13 = -2*i - b*a. What is the tens digit of i?
1
Let v = -15 + 8. Let q = 15 + v. What is the units digit of q?
8
Let x = -27 + 45. Let t = -39 + 28. Let d = x + t. What is the units digit of d?
7
Suppose -3*t + 15 = -2*x, 4*x = -5*t + 39 - 14. Let d = x + 13. What is the units digit of d?
3
Suppose 3